{"id":130,"date":"2022-03-22T16:07:01","date_gmt":"2022-03-22T16:07:01","guid":{"rendered":"https:\/\/glowlinguistics.org\/45\/?page_id=130"},"modified":"2022-04-22T17:27:04","modified_gmt":"2022-04-22T17:27:04","slug":"26-april-workshop-programme","status":"publish","type":"page","link":"https:\/\/glowlinguistics.org\/45\/26-april-workshop-programme\/","title":{"rendered":"26 April &#8211; Workshop Programme"},"content":{"rendered":"\n<h2 class=\"wp-block-heading\"><strong>Workshop I: <strong>Typological generalizations and semantic theory<\/strong><\/strong><\/h2>\n\n\n\n<h3 class=\"wp-block-heading\">Tuesday 26 April: <\/h3>\n\n\n\n<div class=\"wp-block-columns is-layout-flex wp-container-core-columns-is-layout-9d6595d7 wp-block-columns-is-layout-flex\">\n<div class=\"wp-block-column is-layout-flow wp-block-column-is-layout-flow\" style=\"flex-basis:33.33%\">\n<p>08:30-09:00<\/p>\n<\/div>\n\n\n\n<div class=\"wp-block-column is-layout-flow wp-block-column-is-layout-flow\" style=\"flex-basis:66.66%\">\n<p class=\"has-text-align-center\">Registration<\/p>\n<\/div>\n<\/div>\n\n\n\n<div class=\"wp-block-columns is-layout-flex wp-container-core-columns-is-layout-9d6595d7 wp-block-columns-is-layout-flex\">\n<div class=\"wp-block-column is-layout-flow wp-block-column-is-layout-flow\" style=\"flex-basis:33.33%\">\n<p>09:00-10:00<\/p>\n<\/div>\n\n\n\n<div class=\"wp-block-column is-layout-flow wp-block-column-is-layout-flow\" style=\"flex-basis:66.66%\">\n<p class=\"has-text-align-center\"><em>A cross linguistic survey of &#8216;parts&#8217; of fractions<\/em> [<a href=\"https:\/\/glowlinguistics.org\/45\/wp-content\/uploads\/sites\/9\/2022\/04\/GLOW_45_abstract_208.pdf\">abstract<\/a>]<\/p>\n\n\n\n<p class=\"has-text-align-center\"><strong>Yuta Tatsumi<\/strong> (Meika University)<\/p>\n<\/div>\n<\/div>\n\n\n\n<div class=\"wp-block-columns is-layout-flex wp-container-core-columns-is-layout-9d6595d7 wp-block-columns-is-layout-flex\">\n<div class=\"wp-block-column is-layout-flow wp-block-column-is-layout-flow\" style=\"flex-basis:33.33%\">\n<p>10:00-11:00<\/p>\n<\/div>\n\n\n\n<div class=\"wp-block-column is-layout-flow wp-block-column-is-layout-flow\" style=\"flex-basis:66.66%\">\n<p class=\"has-text-align-center\"><em>Multiple pressures to explain the \u2018not all\u2019 gap<\/em> [<a rel=\"noreferrer noopener\" href=\"https:\/\/glowlinguistics.org\/45\/wp-content\/uploads\/sites\/9\/2022\/04\/GLOW_45_abstract_10.pdf\" target=\"_blank\">abstract<\/a>]<\/p>\n\n\n\n<p class=\"has-text-align-center\"><strong>Jeremy Kuhn and Lena Pasalskaya<\/strong> (Institut Jean Nicod)<\/p>\n<\/div>\n<\/div>\n\n\n\n<div class=\"wp-block-columns is-layout-flex wp-container-core-columns-is-layout-9d6595d7 wp-block-columns-is-layout-flex\">\n<div class=\"wp-block-column is-layout-flow wp-block-column-is-layout-flow\" style=\"flex-basis:33.33%\">\n<p>11:00-11:15<\/p>\n<\/div>\n\n\n\n<div class=\"wp-block-column is-layout-flow wp-block-column-is-layout-flow\" style=\"flex-basis:66.66%\">\n<p class=\"has-text-align-center\">Coffee break<\/p>\n<\/div>\n<\/div>\n\n\n\n<div class=\"wp-block-columns is-layout-flex wp-container-core-columns-is-layout-9d6595d7 wp-block-columns-is-layout-flex\">\n<div class=\"wp-block-column is-layout-flow wp-block-column-is-layout-flow\" style=\"flex-basis:33.33%\">\n<p>11:15-12:15<\/p>\n<\/div>\n\n\n\n<div class=\"wp-block-column is-layout-flow wp-block-column-is-layout-flow\" style=\"flex-basis:66.66%\">\n<p class=\"has-text-align-center\"><em>State\/change of state lability and the meaning of verbhood<\/em> [<a rel=\"noreferrer noopener\" href=\"https:\/\/glowlinguistics.org\/45\/wp-content\/uploads\/sites\/9\/2022\/04\/GLOW_45_abstract_101.pdf\" target=\"_blank\">abstract<\/a>]<\/p>\n\n\n\n<p class=\"has-text-align-center\"><strong>Andrew Koontz-Garboden, Margit Bowler, Emily Hanink, Jens Hopperdietzel, Colin Bannard <\/strong>(University of Manchester)<strong>, Mike Everdell <\/strong>(University of Texas, Austin)<strong>, Itamar Francez <\/strong>(University of Chicago)<strong>, Kyle Jerro <\/strong>(University of Essex)<strong>, Elise LeBovidge <\/strong>(University of Washington)<strong>, and Stephen Nichols<\/strong> (University of Oxford)<\/p>\n<\/div>\n<\/div>\n\n\n\n<div class=\"wp-block-columns is-layout-flex wp-container-core-columns-is-layout-9d6595d7 wp-block-columns-is-layout-flex\">\n<div class=\"wp-block-column is-layout-flow wp-block-column-is-layout-flow\" style=\"flex-basis:33.33%\">\n<p>12:15-13:45<\/p>\n<\/div>\n\n\n\n<div class=\"wp-block-column is-layout-flow wp-block-column-is-layout-flow\" style=\"flex-basis:66.66%\">\n<p class=\"has-text-align-center\">Lunch<\/p>\n<\/div>\n<\/div>\n\n\n\n<div class=\"wp-block-columns is-layout-flex wp-container-core-columns-is-layout-9d6595d7 wp-block-columns-is-layout-flex\">\n<div class=\"wp-block-column is-layout-flow wp-block-column-is-layout-flow\" style=\"flex-basis:33.33%\">\n<p>13:45-15:00<\/p>\n<\/div>\n\n\n\n<div class=\"wp-block-column is-layout-flow wp-block-column-is-layout-flow\" style=\"flex-basis:66.66%\">\n<p class=\"has-text-align-center\">Poster session<\/p>\n\n\n\n<p class=\"has-text-align-center\"><em>Obligatory de se logophors in Ewe, Yoruba and Igbo: variation and competition <\/em>(alternate) [<a href=\"https:\/\/glowlinguistics.org\/45\/wp-content\/uploads\/sites\/9\/2022\/04\/GLOW_45_abstract_129.pdf\" data-type=\"URL\" data-id=\"https:\/\/glowlinguistics.org\/45\/wp-content\/uploads\/sites\/9\/2022\/04\/GLOW_45_abstract_129.pdf\" target=\"_blank\" rel=\"noreferrer noopener\">abstract<\/a>]<\/p>\n\n\n\n<p class=\"has-text-align-center\"><strong>Abigail Bimpeh <\/strong>(Leibniz-ZAS)<strong>, Imke Driemel <\/strong>(Humboldt-University Berlin)<strong>, Itai Bassi <\/strong>(Leibniz-ZAS)<strong> and Silvia Silleresi<\/strong> (Bicocca University)<\/p>\n\n\n\n<p class=\"has-text-align-center\"><em>Additive prejacent and\/or additive alternatives: a principle and a parameter in Mandarin and Japanese <\/em>(alternate) [<a href=\"https:\/\/glowlinguistics.org\/45\/wp-content\/uploads\/sites\/9\/2022\/04\/GLOW_45_abstract_161.pdf\" data-type=\"URL\" data-id=\"https:\/\/glowlinguistics.org\/45\/wp-content\/uploads\/sites\/9\/2022\/04\/GLOW_45_abstract_161.pdf\" target=\"_blank\" rel=\"noreferrer noopener\">abstract<\/a>]<\/p>\n\n\n\n<p class=\"has-text-align-center\"><strong>Yusuke Yagi and Xuetong Yuan<\/strong> (University of Connectitut)<\/p>\n\n\n\n<p class=\"has-text-align-center\"><em>As strong as an NPI in LIS, LSF &amp; NGT <\/em> [<a href=\"https:\/\/glowlinguistics.org\/45\/wp-content\/uploads\/sites\/9\/2022\/04\/GLOW_45_abstract_111.pdf\" data-type=\"URL\" data-id=\"https:\/\/glowlinguistics.org\/45\/wp-content\/uploads\/sites\/9\/2022\/04\/GLOW_45_abstract_111.pdf\" target=\"_blank\" rel=\"noreferrer noopener\">abstract<\/a>]<\/p>\n\n\n\n<p class=\"has-text-align-center\"><strong>Carlo Geraci<\/strong> (Institut Jean-Nicod)<strong>, Marloes Oomen <\/strong>(University of Amsterdam), <strong>and Mirko Santoro <\/strong>(Institut Jean-Nicod)<\/p>\n\n\n\n<p class=\"has-text-align-center\"><em>On the typology of situation distributors <\/em> [<a href=\"https:\/\/glowlinguistics.org\/45\/wp-content\/uploads\/sites\/9\/2022\/04\/GLOW_45_abstract_185.pdf\" data-type=\"URL\" data-id=\"https:\/\/glowlinguistics.org\/45\/wp-content\/uploads\/sites\/9\/2022\/04\/GLOW_45_abstract_185.pdf\" target=\"_blank\" rel=\"noreferrer noopener\">abstract<\/a>]<\/p>\n\n\n\n<p class=\"has-text-align-center\"><strong>Takanobu Nakamura <\/strong>(University of Edinburgh)<strong> and Hiromune Oda<\/strong> (University of Connectitut)<\/p>\n\n\n\n<p class=\"has-text-align-center\"><em>Maintaining Mandarin hen as a weak intensi\ufb01er <\/em> [<a href=\"https:\/\/glowlinguistics.org\/45\/wp-content\/uploads\/sites\/9\/2022\/04\/GLOW_45_abstract_99.pdf\" data-type=\"URL\" data-id=\"https:\/\/glowlinguistics.org\/45\/wp-content\/uploads\/sites\/9\/2022\/04\/GLOW_45_abstract_99.pdf\" target=\"_blank\" rel=\"noreferrer noopener\">abstract<\/a>]<\/p>\n\n\n\n<p class=\"has-text-align-center\"><strong>Yenan Sun<\/strong> (University of Chicago)<\/p>\n\n\n\n<p class=\"has-text-align-center\"><em>Strength of counterfactuality and presuppositions of tense pronouns <\/em> [<a href=\"https:\/\/glowlinguistics.org\/45\/wp-content\/uploads\/sites\/9\/2022\/04\/GLOW_45_abstract_107.pdf\" data-type=\"URL\" data-id=\"https:\/\/glowlinguistics.org\/45\/wp-content\/uploads\/sites\/9\/2022\/04\/GLOW_45_abstract_107.pdf\" target=\"_blank\" rel=\"noreferrer noopener\">abstract<\/a>]<\/p>\n\n\n\n<p class=\"has-text-align-center\"><strong>Zahra Mirrazi<\/strong> (University of Massachusetts, Amherst)<\/p>\n<\/div>\n<\/div>\n\n\n\n<div class=\"wp-block-columns is-layout-flex wp-container-core-columns-is-layout-9d6595d7 wp-block-columns-is-layout-flex\">\n<div class=\"wp-block-column is-layout-flow wp-block-column-is-layout-flow\" style=\"flex-basis:33.33%\">\n<p>15:00-16:00<\/p>\n<\/div>\n\n\n\n<div class=\"wp-block-column is-layout-flow wp-block-column-is-layout-flow\" style=\"flex-basis:66.66%\">\n<p class=\"has-text-align-center\"><em>Learnability and constraints on the semantics of clause-embedding predicates<\/em> [<a href=\"https:\/\/glowlinguistics.org\/45\/wp-content\/uploads\/sites\/9\/2022\/04\/GLOW_45_abstract_138.pdf\" data-type=\"URL\" data-id=\"https:\/\/glowlinguistics.org\/45\/wp-content\/uploads\/sites\/9\/2022\/04\/GLOW_45_abstract_138.pdf\" target=\"_blank\" rel=\"noreferrer noopener\">abstract<\/a>]<\/p>\n\n\n\n<p class=\"has-text-align-center\"><strong>Mora Maldonado <\/strong>(Universitat Pompeu Fabra)<strong>, Jennifer Culbertson, and Wataru Uegaki<\/strong> (University of Edinburgh)<\/p>\n<\/div>\n<\/div>\n\n\n\n<div class=\"wp-block-columns is-layout-flex wp-container-core-columns-is-layout-9d6595d7 wp-block-columns-is-layout-flex\">\n<div class=\"wp-block-column is-layout-flow wp-block-column-is-layout-flow\" style=\"flex-basis:33.33%\">\n<p>16:00-16:15<\/p>\n<\/div>\n\n\n\n<div class=\"wp-block-column is-layout-flow wp-block-column-is-layout-flow\" style=\"flex-basis:66.66%\">\n<p class=\"has-text-align-center\">Coffee break<\/p>\n<\/div>\n<\/div>\n\n\n\n<div class=\"wp-block-columns is-layout-flex wp-container-core-columns-is-layout-9d6595d7 wp-block-columns-is-layout-flex\">\n<div class=\"wp-block-column is-layout-flow wp-block-column-is-layout-flow\" style=\"flex-basis:33.33%\">\n<p>16:15-17:15<\/p>\n<\/div>\n\n\n\n<div class=\"wp-block-column is-layout-flow wp-block-column-is-layout-flow\" style=\"flex-basis:66.66%\">\n<p class=\"has-text-align-center\"><em>Cross-linguistic patterns in the selectional restrictions of preferential predicates<\/em> [<a href=\"https:\/\/glowlinguistics.org\/45\/wp-content\/uploads\/sites\/9\/2022\/04\/GLOW_45_abstract_137.pdf\" data-type=\"URL\" data-id=\"https:\/\/glowlinguistics.org\/45\/wp-content\/uploads\/sites\/9\/2022\/04\/GLOW_45_abstract_137.pdf\" target=\"_blank\" rel=\"noreferrer noopener\">abstract<\/a>]<\/p>\n\n\n\n<p class=\"has-text-align-center\"><strong>Deniz \u00d6zy\u0131ld\u0131z <\/strong>(University of Konstanz)<strong>, Ciyang Qing <\/strong>(University of Edinburgh)<strong>, Floris Roelofsen <\/strong>(University of Amsterdam)<strong>, Maribel Romero <\/strong>(University of Konstanz),<strong> and Wataru Uegaki<\/strong> (University of Edinburgh)<\/p>\n<\/div>\n<\/div>\n\n\n\n<div class=\"wp-block-columns is-layout-flex wp-container-core-columns-is-layout-9d6595d7 wp-block-columns-is-layout-flex\">\n<div class=\"wp-block-column is-layout-flow wp-block-column-is-layout-flow\" style=\"flex-basis:33.33%\">\n<p>17:15-18:15<\/p>\n<\/div>\n\n\n\n<div class=\"wp-block-column is-layout-flow wp-block-column-is-layout-flow\" style=\"flex-basis:66.66%\">\n<p class=\"has-text-align-center\"><em>Uniform dimensionality across the board: Many oranges and morphosyntactic opacity<\/em> [<a href=\"https:\/\/glowlinguistics.org\/45\/wp-content\/uploads\/sites\/9\/2022\/04\/GLOW_45_abstract_61.pdf\" data-type=\"URL\" data-id=\"https:\/\/glowlinguistics.org\/45\/wp-content\/uploads\/sites\/9\/2022\/04\/GLOW_45_abstract_61.pdf\" target=\"_blank\" rel=\"noreferrer noopener\">abstract<\/a>]<\/p>\n\n\n\n<p class=\"has-text-align-center\"><strong>Antonio Maria Cleani and Luis Miguel Toquero-P\u00e9rez<\/strong> (University of Southern California)<\/p>\n<\/div>\n<\/div>\n","protected":false},"excerpt":{"rendered":"<p>Workshop I: Typological generalizations and semantic theory Tuesday 26 April: 08:30-09:00 Registration 09:00-10:00 A cross linguistic survey of &#8216;parts&#8217; of fractions [abstract] Yuta Tatsumi (Meika University) 10:00-11:00 Multiple pressures to explain the \u2018not all\u2019 gap [abstract] Jeremy Kuhn and Lena Pasalskaya (Institut Jean Nicod) 11:00-11:15 Coffee break 11:15-12:15 State\/change of state lability and the meaning &hellip; <a href=\"https:\/\/glowlinguistics.org\/45\/26-april-workshop-programme\/\" class=\"more-link\">Continue reading<span class=\"screen-reader-text\"> &#8220;26 April &#8211; Workshop Programme&#8221;<\/span><\/a><\/p>\n","protected":false},"author":17,"featured_media":0,"parent":0,"menu_order":0,"comment_status":"closed","ping_status":"closed","template":"","meta":{"footnotes":""},"class_list":["post-130","page","type-page","status-publish","hentry"],"jetpack_sharing_enabled":true,"_links":{"self":[{"href":"https:\/\/glowlinguistics.org\/45\/wp-json\/wp\/v2\/pages\/130","targetHints":{"allow":["GET"]}}],"collection":[{"href":"https:\/\/glowlinguistics.org\/45\/wp-json\/wp\/v2\/pages"}],"about":[{"href":"https:\/\/glowlinguistics.org\/45\/wp-json\/wp\/v2\/types\/page"}],"author":[{"embeddable":true,"href":"https:\/\/glowlinguistics.org\/45\/wp-json\/wp\/v2\/users\/17"}],"replies":[{"embeddable":true,"href":"https:\/\/glowlinguistics.org\/45\/wp-json\/wp\/v2\/comments?post=130"}],"version-history":[{"count":48,"href":"https:\/\/glowlinguistics.org\/45\/wp-json\/wp\/v2\/pages\/130\/revisions"}],"predecessor-version":[{"id":427,"href":"https:\/\/glowlinguistics.org\/45\/wp-json\/wp\/v2\/pages\/130\/revisions\/427"}],"wp:attachment":[{"href":"https:\/\/glowlinguistics.org\/45\/wp-json\/wp\/v2\/media?parent=130"}],"curies":[{"name":"wp","href":"https:\/\/api.w.org\/{rel}","templated":true}]}}